g + 5. Let q be h(-7). Calculate the remainder when 71 is divided by u(q).
14
Suppose -6*y + 375 + 555 = 0. Let f = 14 + 25. What is the remainder when y is divided by f?
38
Let y be (0/1)/(10 + -13). What is the remainder when (-1 - y)*3 + (-106)/(-2) is divided by 13?
11
Let f be (14/49)/((-3)/(-21)). Suppose 4*t = 4*n + 36, 3*t + f*n - 23 = 7*n. What is the remainder when 64 is divided by t?
9
Let g = -4 + 1. Suppose -4*l + 68 = -5*h + 20, -2*h - 36 = -4*l. What is the remainder when -2*2 - (g - 12) is divided by l?
4
Let w(d) = d**3 - 17*d**2 + 14*d + 25. What is the remainder when w(17) is divided by 22?
21
Let m(t) = -t**3 + 7*t**2 + 19*t - 7. What is the remainder when m(8) is divided by 17?
13
Suppose -7*y + 62 = -5*y - 2*m, -2*y = -4*m - 72. What is the remainder when 35 is divided by y?
9
Let x(l) = -4*l**3 - 8*l**2 - 5*l - 9. Calculate the remainder when x(-6) is divided by 40.
37
Let z = -31 - -46. Let q(y) = y**3 - 4*y**2 - 8*y + 4. Let f(k) = -k**2 + 7*k + 6. Let w be f(7). Calculate the remainder when q(w) is divided by z.
13
Let k = 16 + -10. Suppose k*r - 3*r + 18 = -3*h, 4*h = -r - 18. Calculate the remainder when 65 is divided by (28/(-42))/(h/102).
14
Let n be ((-1)/2)/((-2)/(-12)). Let m(a) = -5 + 9*a**2 + 3 + 4 - 12*a + 16*a. What is the remainder when m(n) is divided by 18?
17
Suppose -m = 4*l - 145, 3*l - 5*l + 65 = -m. Let p = -2 + 7. Calculate the remainder when l is divided by (-4)/10 + 62/p.
11
Let a = -35 - -294. Calculate the remainder when a is divided by 9.
7
Suppose 3*j = 3*a + 120, j = -7*a + 2*a + 52. Calculate the remainder when j is divided by 8.
2
Let p be (-90)/(-21)*(0 + -7). Let v be (216/2)/(p/(-20)). Calculate the remainder when 35 is divided by (v/(-28))/(3/(-21)).
17
Suppose 0 = -a + 5*t + 53, 4*t - 12 = -a + 23. What is the remainder when 297 is divided by a?
39
What is the remainder when 222 is divided by (29/(-6))/(70/(-840))?
48
Suppose -219*b - 120 = -227*b. Calculate the remainder when 88 is divided by b.
13
Let r(i) = -i**3 - 3*i**2 + 12*i + 7. Let t be r(-5). Calculate the remainder when 41 is divided by (2 + -5)*22/t.
19
Suppose -3*b + 733 = 5*z, z - 2*b + 732 = 6*z. Let w(k) = k**3 + k**2 + 4*k + 1. What is the remainder when z is divided by w(3)?
48
Suppose 0 = -7*d + 3*d - 96. Let y = -5 - d. Suppose -y*b = -14*b - 135. Calculate the remainder when b is divided by 14.
13
Calculate the remainder when (-7)/((-7)/(-4))*3724/(-16) is divided by 85.
81
Let h(c) = -c + 47. Calculate the remainder when 101 is divided by h(-5).
49
Suppose 0 = -j + 3*s + 10, 0 = 103*j - 104*j - 2*s + 35. Suppose 4 = 4*n, m + 2*n - 59 - 67 = 0. What is the remainder when m is divided by j?
24
Suppose 0*s = 3*s + 81. Suppose -46*n = -37*n - 324. Calculate the remainder when n is divided by (1 + s)*3/(-6).
10
Suppose -5 = 3*z + 4*p + 3, 36 = 4*z - 4*p. Suppose -5*t + 4*s = -192, z*s - 48 = -3*t + 48. What is the remainder when 106 is divided by t?
34
Let t(q) be the first derivative of q**4 - q**2 + 2*q + 15. What is the remainder when 5 is divided by t(1)?
1
Suppose -2*x = -20*x + 8028. Calculate the remainder when x is divided by 90.
86
Let h be (-18)/(-7) - (-6)/14. Suppose 5*w - 35 = 5*t, -1 = 2*w - h*w - 2*t. Suppose -w*v = -11 - 29. What is the remainder when 37 is divided by v?
5
Suppose 26*r = 23*r + 15. Calculate the remainder when 19 is divided by (-1)/(-2)*(r - -11).
3
Let j = -18 - -48. Calculate the remainder when 84 is divided by j.
24
Let m(b) = -182*b + 21. Calculate the remainder when m(-4) is divided by 75.
74
Let p(a) = a**3 - 12*a**2 + 15*a - 5. Let i be p(12). Suppose -w - 6*w + i = 0. What is the remainder when w is divided by 14?
11
Suppose -8 + 164 = 2*d. Suppose -d = -7*k + 5*k. Let w = 56 - k. Calculate the remainder when 30 is divided by w.
13
Let t be (-3 + (-7)/(-2))*172. Suppose 38 = 2*j - 2*a, 5*j = -2*a - 2*a + t. Let y(m) = -10*m - 1. Calculate the remainder when y(-7) is divided by j.
15
Suppose -89*y = -94*y + 55. Calculate the remainder when 25 is divided by y.
3
Let r(v) = v**2 + 27*v + 21. Calculate the remainder when r(-34) is divided by 67.
58
Suppose 0 = 8*z - 2*z + h - 884, -5*h = -2*z + 316. Calculate the remainder when z is divided by 33.
16
Let l = 622 + -409. What is the remainder when l is divided by 18?
15
Calculate the remainder when 338 is divided by 111/9 - 8/6.
8
Suppose -6 + 0 = 3*c, 5*u = -4*c + 117. Suppose -3*q = 2*q + g - 64, 2*q = -g + u. Let b = 3776 - 3769. What is the remainder when q is divided by b?
6
Let q(l) = 4*l + 15. Let d = -51 + 102. What is the remainder when d is divided by q(-1)?
7
Let l(j) be the first derivative of -j**3/3 - 11*j**2/2 - 5*j - 24. What is the remainder when 17 is divided by l(-10)?
2
Let w(a) = 30 - a**2 + 9*a + a - 19. Let s be w(9). Calculate the remainder when 67 is divided by s - 1 - (0 + 2).
16
Let k = 9 - 6. Suppose -2 + 0 = -2*s, -2 = -i + k*s. Let g = i + 17. What is the remainder when g is divided by 14?
8
Let d = 3332 - 2622. What is the remainder when d is divided by 23?
20
Let c(z) = -z + 1. Let g(r) = r**2 + 6*r + 14. Let k(i) = -2*c(i) + g(i). Calculate the remainder when 54 is divided by k(-7).
4
Let f = -303 + 472. Let v = -81 + f. What is the remainder when v is divided by 30?
28
Suppose 0 = 5*g - 135 + 40. Let p = g - 15. Let k = -27 + 38. Calculate the remainder when k is divided by p.
3
Let p(w) = w + 1. Let n be p(3). Let i(d) = 18*d - 3. Let r = 19 - 5. What is the remainder when i(n) is divided by r?
13
Let d = 1823 - 1808. Let l = -9 + 19. Calculate the remainder when d is divided by l.
5
Suppose -3*s + 9 - 3 = 0. Suppose -2*w + 10 = -2*b, -s*w - b = 1 + 4. Suppose -4*k + 186 - 2 = w. What is the remainder when k is divided by 12?
10
Suppose -2*x + 3*l + 156 = 0, -x + l + 87 = 4*l. Calculate the remainder when x is divided by (3 - 0) + 88/8.
11
Suppose -4*g - 5*y = -3, g + 0 = 3*y + 5. Suppose -6 + g = p. What is the remainder when (9/4)/(p/(-32)) is divided by 5?
3
Let j(g) = 4*g**2 - 9*g + 19. Let u be j(3). Calculate the remainder when 103 is divided by (68/(-16) - -5)/(1/u).
19
Suppose 196 = l - 3*l. Let p = 144 + l. Calculate the remainder when p is divided by 6.
4
Let j(z) = -z**3 + 14*z**2 - 15*z - 7. Let b be j(12). Let f = b - 69. What is the remainder when f is divided by 12?
8
Calculate the remainder when 21 + 2/(14/21) is divided by 15.
9
Let o = -18 + 46. Suppose -17*s - 4*l + 184 = -15*s, 2*s - l - 159 = 0. What is the remainder when s is divided by o?
26
Suppose 107 - 32 = 25*x. Let f(v) = -3 + 0*v + 3*v + 2*v + 4*v**2. Calculate the remainder when f(x) is divided by 25.
23
Suppose c + c = 4*o + 30, -c + 4*o = -15. Suppose -f + 24 = -35. Suppose f + 161 = 5*y. Calculate the remainder when y is divided by c.
14
Let l(t) = 4*t**2 + t - 15. Let q be l(-6). Suppose -6*i = 15 - q. Calculate the remainder when 125 is divided by i.
17
Suppose -2*t + 70 = -312. Calculate the remainder when t is divided by 28.
23
Calculate the remainder when 9 is divided by 12/(-33)*((-162)/12 + 8).
1
Suppose -18*z + 748 = 4*z. What is the remainder when z is divided by (36/(-10))/((-68)/(-40) - 2)?
10
Let b(g) = -g**3 - 10*g**2 + 32*g + 17. What is the remainder when b(-14) is divided by 59?
58
Calculate the remainder when 84 is divided by 38 - -1*(-3 - -9).
40
Suppose -27 = -4*w + 1. Suppose q + 33 = 3*r, -2*r + 57 - 21 = 4*q. Calculate the remainder when r is divided by w.
5
Let s(n) = n**2 - 11*n + 9. Calculate the remainder when 22 is divided by s(11).
4
Let i(p) = 2*p**2 + 13*p + 36. What is the remainder when 48 is divided by i(-6)?
18
Suppose 0 = 2*f + m - 58, 5*f - 13 = -2*m + 131. Let x be (-132)/21 - (-8)/f. Let g = 26 - x. What is the remainder when g is divided by 12?
8
Suppose 5*n = 4 + 6. Let c be (-13)/n - (-4)/8. Let d = 11 + c. What is the remainder when 17 is divided by d?
2
Let q(w) = -2*w**2 + 5 - 13 + 11 + w - w**3. Calculate the remainder when 43 is divided by q(-3).
7
Let f(c) be the first derivative of c**4/4 + c**3 - c - 12. What is the remainder when f(1) is divided by 2?
1
Let z(c) = -5*c**3 - 2*c - 1. Let n be z(-1). Suppose 5 = m - d, -5*m = -d - 39 - n. Calculate the remainder when 26 is divided by m.
6
Suppose -4*w + w = -3*p - 156, 0 = -2*w + 5*p + 92. Calculate the remainder 